the prime factors of (-11)/(1 + (k - 3))?
11
Let d(g) be the third derivative of g**5/60 - 7*g**4/12 + 10*g**3/3 - g**2. List the prime factors of d(14).
2, 5
Let y = 36 + -74. Let q be (y + -2)/((-3)/3). Suppose q = 5*z - j, z + 2 = -2*j + 10. List the prime factors of z.
2
Let w = -4 + 2. Let d(j) = -19*j - 2. Let s be d(w). Suppose 6*k = 4*k + s. What are the prime factors of k?
2, 3
Let c be 2/(-3) - 68/6. Let k be ((-27)/c)/(2/16). Suppose k = 4*m + 2*q, -2*m + 1 + 7 = 2*q. List the prime factors of m.
5
Let k be -5 - (2 - 3)*2. Let l = 2 - k. What are the prime factors of l?
5
Let n(p) be the first derivative of 0 + p**2 + 2 - 5. List the prime factors of n(2).
2
Suppose -3*v + 3*p = 2*v - 572, v + 3*p - 100 = 0. What are the prime factors of v?
2, 7
Let l(w) = 1 - 1 + 2*w**2 + w - 2. Let h be l(-2). Suppose 3*x - 24 - 14 = 5*d, -3*x + h*d + 34 = 0. List the prime factors of x.
2, 3
Let z be (6/8)/((-2)/(-16)). Let r(a) = -a**2 + 5*a + 7. Let f be r(z). Suppose -2*b + 5*u + f = 0, b + 9 = 3*b + 3*u. What are the prime factors of b?
3
Let t = 121 - 81. List the prime factors of t.
2, 5
Suppose -10 = -3*v + g, 2*v - 4*g + 0*g - 20 = 0. Suppose 0*x = -v*x + 14. What are the prime factors of x?
7
What are the prime factors of (275 - -7)*-1*(-3)/6?
3, 47
Suppose 13 = 3*h + 1. Suppose -2*p = -3*v + 11, 4 = -5*v - h*p - 7. What are the prime factors of (v*-1)/(1/(-8))?
2
Suppose -310 = 14*c - 15*c. What are the prime factors of c?
2, 5, 31
Suppose 0 = -3*n + 415 + 281. List the prime factors of n.
2, 29
Suppose -3*u + u = -38. Let i = u - 10. List the prime factors of i.
3
Let b be (-2)/4 - 115/10. Let j(a) = -a**3 - 13*a**2 - 13*a - 5. What are the prime factors of j(b)?
7
Let c = 151 + -85. Suppose o + c = 5*m, 0*m - 34 = -3*m - 5*o. List the prime factors of m.
13
Suppose -k + 2*k - 19 = s, -4*s - 44 = -2*k. Let q = k + -5. What are the prime factors of q?
11
Let a(g) = 4*g**2 + 1. Let o be a(1). Suppose 4*l - 39 = o. List the prime factors of l.
11
Let t = 1 - 1. Suppose 4*q - 4*n - 27 = 9, q + 4*n - 19 = t. List the prime factors of q.
11
List the prime factors of (-32*2 + 2)/(-2).
31
Let l = 24 - 17. Let w = 15 - l. List the prime factors of w.
2
Suppose 2*w = 3*a + 2, 5 = a + 4*w + w. Suppose a*k + k = 10. Suppose -1 - k = -l. What are the prime factors of l?
11
Let l be 5 + 1/1 + -4. Suppose l*h = 4*c - 14, -18 = -5*c + h + h. Suppose -a + c = a. List the prime factors of a.
2
Let r(l) be the third derivative of l**2 - 1/24*l**4 + 1/3*l**3 + 0 + 0*l. List the prime factors of r(-3).
5
Let c(q) = -5*q**3. Let w be c(-1). Let l be (-6)/(-15) - (-13)/w. Suppose 4*a = 7*v - 2*v + 24, -49 = -l*a - 4*v. What are the prime factors of a?
11
Suppose -17*y = -22*y + 70. List the prime factors of y.
2, 7
Let a = 32 - 54. Let q = a - -42. List the prime factors of q.
2, 5
Let o = 176 - 89. List the prime factors of o.
3, 29
Let v(x) = -2*x**2 + 3. Let b(p) = -2*p**2 - p + 3. Let m(o) = -3*b(o) + 2*v(o). What are the prime factors of m(-3)?
2, 3
Let w(v) = -2*v + 57. What are the prime factors of w(-7)?
71
Let a(m) be the first derivative of 2/3*m**3 - 4*m + 1 + 0*m**2. What are the prime factors of a(3)?
2, 7
Let u = -98 - -133. What are the prime factors of u?
5, 7
Let l = 3 - 3. Let i(c) = l + 0*c + c - c**3 + 2. What are the prime factors of i(0)?
2
Let x(h) = -h + 40. List the prime factors of x(11).
29
Suppose 3*y + s + 10 = 0, -3*s - 2*s = 20. Let a = y - 1. Let t(k) = k**2 - k - 3. List the prime factors of t(a).
3
Let m(z) = -z**2 - 10*z + 10. Let b be -1*1*(8 + 1). What are the prime factors of m(b)?
19
Suppose 4*s + 5*i + 37 = -41, -3*i = s + 23. Let z = s + 20. What are the prime factors of z?
3
Suppose -l - 2*r + 5 = 0, 3*l - 16 = l - 2*r. Let k = -8 + l. Suppose a + 28 = k*x, -2*a + 2 = 2*x - 22. List the prime factors of x.
2, 5
What are the prime factors of (-2)/6 - 25/(-3)?
2
Let y = 267 - 146. List the prime factors of y.
11
Suppose 2*r - 3*s = -11, -4*s + 12 + 12 = 2*r. Suppose 70 = 4*p - r*l, 0*p - l = 2*p - 37. List the prime factors of p.
2, 3
Let x = 314 + -160. List the prime factors of x.
2, 7, 11
Suppose 0 = 3*k - 3 - 3. What are the prime factors of k?
2
What are the prime factors of 12/42 + (-2488)/(-14)?
2, 89
Suppose 0*w - 3*w - 6 = 0. What are the prime factors of (20/(-3))/(w/6)?
2, 5
Suppose 455 = 5*a - p, 2*a + 5*p + 182 = 4*a. List the prime factors of a.
7, 13
Suppose -21*t - 5324 = -43*t. What are the prime factors of t?
2, 11
Let x = -3 + 5. Let r(s) = 2*s**3 - 2*s**2 - s - 2. Let y be r(x). Suppose 0*a - 2*a = -y*m + 54, -m = -5*a - 36. List the prime factors of m.
11
Let m be (-1 + 1 - 0)/2. Let x = m + 1. List the prime factors of (-1)/1 - (x + -4).
2
Let j(l) = -l**2 + 10*l - 12. Let d be j(8). What are the prime factors of 0/(d/4) + 34?
2, 17
Let j(q) = -2*q - 4. What are the prime factors of j(-5)?
2, 3
Suppose 3*p - 741 = -4*i, -2*i - p = 2*i - 751. List the prime factors of i.
3, 7
Suppose 116 = 4*c + 4*q, 3*c = 7*c + 3*q - 116. Suppose -3*u + s + 110 = u, s + c = u. List the prime factors of u.
3
Let o = 0 - -4. Let z be 2 - (o - 2) - 1. What are the prime factors of (4/8)/(z/(-14))?
7
Suppose -2*o + 12 = 5*d, d - 1 = -o + 2*o. Suppose u = -0*u - d. List the prime factors of u - 5*(0 + -2).
2
Suppose -8*v = 2*d - 3*v - 29, -4*d + 69 = -v. List the prime factors of d.
17
Let v(y) = -y**3 - 11*y**2 - 14*y - 4. Let b(u) = -u**2 - 8*u - 10. Let r be b(-8). What are the prime factors of v(r)?
2, 3
List the prime factors of 7/3 + (-6)/(-9).
3
Let d = 8 - 6. Let k = 36 + -20. Suppose 0*l + d*l - k = 0. What are the prime factors of l?
2
Let g = 12 - 6. Let n = g - 3. What are the prime factors of n?
3
Let y(k) be the second derivative of k**5/20 - k**4/2 + k**3/6 + 2*k**2 - 2*k. Let w be y(6). List the prime factors of (-62)/(-4) - 5/w.
3, 5
Suppose l + l - 42 = 0. Let m = -5 + l. What are the prime factors of 76/m + (-2)/(-8)?
5
Suppose -24 = a - 5*z, 0 = a - 2*z + 5 + 10. Let r(h) = h**3 + 8*h**2 - 11*h - 10. What are the prime factors of r(a)?
2
Suppose 2*n = -3*u - 14, 2*u + 3*u + 32 = n. List the prime factors of (9/2)/((-3)/u).
3
Suppose 2*z + 0*z = 122. What are the prime factors of z?
61
Let h be (-3)/(-3)*0 - -3. Suppose -29 = -5*u - j + h*j, 2*u = -5*j. Let f = 6 + u. List the prime factors of f.
11
Suppose 2*h = 3*h. Let y(l) = -l**2 + l + 5. Let t be y(h). Suppose -t*i + 3*p + 44 = -0*i, -3*p = 9. List the prime factors of i.
7
Let n = 17 + -12. What are the prime factors of n?
5
Let u(w) = -w - 5. Let p be u(-9). What are the prime factors of (-83 - 1)*p/(-8)?
2, 3, 7
Let r(c) = 1 + c - 2*c + c + 9*c**2. What are the prime factors of r(1)?
2, 5
Suppose 0*m - 2*m = 12. Let w = m - -10. What are the prime factors of w?
2
Suppose 25 = -5*c, -c = u - 5*u - 47. Let g = 25 + u. What are the prime factors of g?
2, 3
Let d(u) be the first derivative of u**4/4 + u**3 - 2*u**2 + 3*u - 7. What are the prime factors of d(2)?
3, 5
Suppose -4*u - 35 = -19. Suppose -5*l - 43 = -4*f, -4*f + 37 + 36 = l. Let r = f + u. What are the prime factors of r?
13
Suppose 4*c + 11 = -3*u - 9, -5*u - 30 = 5*c. List the prime factors of u/4 + 43 - 3.
3, 13
Let j(t) = -t**3 + 6*t**2 + t - 6. Let x be j(6). Suppose x*b = 2*b - 14. What are the prime factors of b/(2 + 1 - 2)?
7
Suppose 4*k = 2*k + 20. What are the prime factors of 12/7 - k/(-35)?
2
Suppose -15 = m - 3*l, 5*m + 3*l = 5*l - 23. What are the prime factors of 3 - (-8 + 9/m)?
2, 7
Suppose -2*f - 6 = 0, l + 3*l + f - 17 = 0. Suppose 0 = 4*h - l*n + 4*n - 137, 2*n = 2*h - 76. What are the prime factors of h?
3, 11
Let z(q) = q**3 - 9*q**2 + 12*q - 3. Let p be z(8). Suppose -17 - p = 2*r. Let w = r + 35. What are the prime factors of w?
2, 3
Let b(w) be the third derivative of w**2 - 5/24*w**4 + 1/60*w**5 + 0 + 0*w + 2/3*w**3. What are the prime factors of b(6)?
2, 5
Suppose -s + 0 - 1 = 0. List the prime factors of s/(-21)*6*14.
2
Let t(c) = c**2 + 12*c + 11. Let d be t(-8). What are the prime factors of -2 + -1 - (d - -3)?
3, 5
Suppose -3*o + 96 = a, 0 = 5*a - 5*o + 4*o - 560. List the prime factors of a.
3, 37
Let y be -3 - (6/(-2) - 0). Suppose 0 = -3*o + 2*p + 131, y = 5*o + 3*p + p - 189. What are the prime factors of o?
41
Suppose 0*p + 37 = p. List the prim